alse
Is 14769295 a prime number?
False
Is 4338721 prime?
True
Is 99635813 prime?
False
Is 3697431 prime?
False
Is 12648211 a prime number?
False
Is 79488473 prime?
False
Is 20980943 a prime number?
True
Is 7134059 a prime number?
False
Is 1847011 prime?
False
Is 3772007 a composite number?
False
Is 1953851 a composite number?
True
Is 31076405 a composite number?
True
Is 17737391 prime?
False
Is 61211 a prime number?
True
Is 3272963 prime?
True
Is 3887809 a prime number?
False
Is 762479 a prime number?
True
Is 9333341 prime?
False
Is 80530349 prime?
True
Is 24211261 a composite number?
False
Is 124382017 composite?
False
Is 45408977 composite?
True
Is 1383691 a composite number?
False
Is 1145971 a composite number?
False
Is 10867513 a prime number?
True
Is 921073 prime?
True
Is 2881344151 prime?
False
Is 14506379 composite?
True
Is 5552411 composite?
False
Is 45593 a prime number?
False
Is 142455851 a composite number?
True
Is 1195232459 a composite number?
False
Is 27308381 prime?
True
Is 110171177 a composite number?
True
Is 255468667 a composite number?
False
Is 15753797 a prime number?
False
Is 181617083 a composite number?
False
Is 1141661 composite?
False
Is 31803153 prime?
False
Is 945143 prime?
True
Is 43837553 prime?
True
Is 3038821 a prime number?
False
Is 1240973 a composite number?
False
Is 2557039 a prime number?
False
Is 396737389 a prime number?
True
Is 55937587 a composite number?
True
Is 76070077 a prime number?
True
Is 15897859 a composite number?
False
Is 12187741 prime?
True
Is 3035833 composite?
False
Is 2844229 a prime number?
True
Is 34429363 prime?
True
Is 74224027 composite?
False
Is 10079203 composite?
False
Is 2669098 composite?
True
Is 22896119 composite?
False
Is 3273791 a prime number?
True
Is 5289017 composite?
False
Is 46469491 a prime number?
True
Is 16004899 composite?
False
Is 2543545 composite?
True
Is 11039993 prime?
True
Is 341076851 a prime number?
True
Is 89543869 composite?
False
Is 938935 prime?
False
Is 9029 prime?
True
Is 41175301 prime?
True
Is 5810011 a composite number?
False
Is 52813093 prime?
True
Is 174952823 prime?
True
Is 3975749 composite?
False
Is 28266311 a prime number?
False
Is 928229 composite?
True
Is 11558129 prime?
False
Is 2391299 prime?
False
Is 425040739 a composite number?
False
Is 39065227 prime?
True
Is 309029029 composite?
False
Is 3027763 a composite number?
False
Is 161563811 a composite number?
False
Is 18304379 a prime number?
False
Is 13363835 a composite number?
True
Is 84066487 composite?
False
Is 149484463 prime?
False
Is 2787971 composite?
False
Is 21748747 a composite number?
False
Is 989129923 a composite number?
False
Is 753193 prime?
False
Is 7341001 a composite number?
False
Is 527453 prime?
True
Is 12183107 prime?
True
Is 352716713 a prime number?
False
Is 1737269 a composite number?
False
Is 48615213 a composite number?
True
Is 3546553 a composite number?
True
Is 41303467 prime?
True
Is 139241899 composite?
True
Is 4582883 a composite number?
True
Is 63038671 a composite number?
False
Is 934001 composite?
False
Is 1095887 a composite number?
True
Is 10487347 prime?
False
Is 68411033 prime?
False
Is 13587317 a prime number?
False
Is 3743769 prime?
False
Is 4224037 a prime number?
True
Is 1716307 prime?
False
Is 2079227 a prime number?
False
Is 19539787 a prime number?
True
Is 10602731 composite?
False
Is 11782733 prime?
False
Is 4938733 prime?
True
Is 230177 a prime number?
False
Is 16436309 prime?
True
Is 13016767 a composite number?
True
Is 51208687 a composite number?
True
Is 301744969 composite?
False
Is 3281953 composite?
True
Is 11584447 prime?
False
Is 1395413755 prime?
False
Is 57903 prime?
False
Is 793588547 a prime number?
True
Is 4714273 prime?
True
Is 1404833 prime?
True
Is 31919 a composite number?
True
Is 234750031 a prime number?
False
Is 4201361 a composite number?
True
Is 13922477 prime?
True
Is 293369 a composite number?
True
Is 39359315 a composite number?
True
Is 100090105 a prime number?
False
Is 82447301 prime?
True
Is 28652753 a composite number?
False
Is 46265333 a composite number?
False
Is 51542039 a composite number?
True
Is 70048637 composite?
False
Is 3541381 a composite number?
True
Is 1068763 a composite number?
True
Is 1990439 a composite number?
True
Is 4692173 prime?
True
Is 620219 a composite number?
True
Is 10373087 composite?
False
Is 6986743 a composite number?
True
Is 4517213 a composite number?
False
Is 623297 prime?
False
Is 8954423 a prime number?
False
Is 1045963 a prime number?
True
Is 71509639 a prime number?
True
Is 3119333 prime?
False
Is 6442979 a prime number?
True
Is 19262671 composite?
False
Is 10896331 prime?
False
Is 630958813 a prime number?
False
Is 26112577 a prime number?
True
Is 134752777 a composite number?
False
Is 13817699 a composite number?
True
Is 324063797 composite?
True
Is 2833087 composite?
True
Is 190882957 a composite number?
True
Is 121804181 a composite number?
True
Is 97850981 a prime number?
False
Is 6158251 a prime number?
False
Is 9026943 a prime number?
False
Is 16397317 a composite number?
True
Is 360994009 a prime number?
True
Is 125406643 a composite number?
True
Is 5394197 a prime number?
True
Is 123915221 prime?
True
Is 3289691 prime?
True
Is 1326059 a prime number?
False
Is 18364891 prime?
True
Is 74686693 prime?
False
Is 329335 a prime number?
False
Is 184569313 composite?
False
Is 151654667 prime?
False
Is 9055421 prime?
False
Is 14418583 a composite number?
False
Is 51160691 prime?
True
Is 77159119 composite?
False
Is 1541191 a prime number?
True
Is 476646677 a composite number?
True
Is 376696427 a composite number?
False
Is 27272303 composite?
False
Is 1156909 a prime number?
False
Is 32500613 a prime number?
True
Is 5565227 a composite number?
False
Is 11874799 prime?
True
Is 12860059 prime?
False
Is 2203037 prime?
False
Is 189460987 a composite number?
False
Is 29215003 a prime number?
True
Is 49445833 a composite number?
True
Is 113051161 prime?
False
Is 2161711 composite?
True
Is 20465629 a prime number?
False
Is 24509851 prime?
True
Is 92590601 composite?
False
Is 41455363 a prime number?
False
Is 741163 a prime number?
True
Is 3978133 composite?
True
Is 112831 a prime number?
True
Is 14796389 a prime number?
False
Is 19257707 prime?
False
Is 2002397 a composite number?
False
Is 11015561 prime?
False
Is 101532593 a composite number?
False
Is 15215939 a composite number?
True
Is 10815631 prime?
True
Is 537569 composite?
False
Is 374442611 prime?
True
Is 212891573 a prime number?
True
Is 8497469 a prime number?
True
Is 15446771 a composite number?
False
Is 18142381 prime?
True
Is 874193 a composite number?
False
Is 2639374 a composite number?
True
Is 2764743 a composite number?
True
Is 3434377 a prime number?
False
Is 27975583 a prime number?
True
Is 8527087 a composite number?
False
Is 2247319 composite?
True
Is 86114417 prime?
False
Is 267359 a prime number?
False
Is 381415603 composite?
True
Is 56955313 composite?
True
Is 7975694 composite?
True
Is 89137 a prime number?
True
Is 1122911 a prime number?
False
Is 733937 a composite number?
False
Is 31349113 composite?
True
Is 106480957 prime?
False
Is 252833927 prime?
False
Is 1542382379 a prime number?
True
Is 29108971 composite?
True
Is 147904061 a composite number?
False
Is 3309361 a prime number?
False
Is 19102978 composite?
True
Is 1519333 prime?
True
Is 190471535 a prime number?
False
Is 465160195 prime?
False
Is 4426066 a prime number?
False
Is 48003829 composite?
True
Is 18281369 a prime number?
False
Is 895441 a composite number?
True
Is 32043529 composite?
True
Is 262048222 composite?
True
Is 650701 a composite number?
False
Is 2607311 composite?
True
Is 3087791 prime?
False
Is 120485731 a prime number?
False
Is 923029 prime?
True
Is 139388633 composite?
False
Is 789518273 prime?
True
Is 54774389 prime?
False
Is 21031903 prime?
False
Is 5845489 composite?
True
Is 27366071 prime?
True
Is 116002091 composite?
False
Is 14802451 prime?
False
Is 39436013 a composite number?
True
Is 6507373 composite?
False
Is 4045397 a composite number?
True
Is 507796451 a prime number?
False
Is 6020551 a prime number?
False
Is 140620301 prime?
True
Is 28358101 composite?
True
Is 850207 a composite number?
False
Is 41925991 composi